(u) = -4*h(u) + 5*r(u). Let k be l(-2). Suppose 4*g - 110 = k. What are the prime factors of g?
2, 3
Let s(g) be the first derivative of g**4/4 + 16*g**3/3 - 10*g**2 - 14*g - 2. Let r be s(-17). Let t = -31 + r. What are the prime factors of t?
2, 3
Let t(l) = -4*l + 103. Let q be t(25). List the prime factors of q + (-772)/(-12)*3.
2, 7
Let d(v) = -v**3 - 15*v**2 + v + 20. Let g be d(-15). Suppose 793 - 31 = -g*a + 3*u, -20 = -5*u. Let r = a + 233. List the prime factors of r.
83
Let c(p) = 52*p**2 + 2*p - 2. Let d be c(1). Suppose -62 = h - d. List the prime factors of ((-392)/h)/(14/35).
2, 7
Let v = 9213 + 1296. List the prime factors of v.
3, 31, 113
Suppose 125910 = 3*d + i, -17*i = d - 20*i - 41960. What are the prime factors of d?
41969
Let y be (-1185)/21 + 12/(-21). Let c = -55 - y. Suppose 3*q - q - 240 = 2*k, 3*q + c*k - 385 = 0. List the prime factors of q.
5
Let j = -2246 - -5091. List the prime factors of j.
5, 569
Let f(i) = -i**3 - 37*i**2 - 48*i + 309. What are the prime factors of f(-38)?
7, 73
Suppose 0 = -2*y - 5*r + 13, 31*y - 29*y = -4*r + 12. What are the prime factors of (-11794)/(-8) + (-1)/y?
2, 11, 67
Suppose 106 = 2*j - 68. Let f be (12 + -5 - j)/((-2)/(-5)). Let r = 19 - f. List the prime factors of r.
3, 73
Let b = -49316 + 71370. List the prime factors of b.
2, 11027
Let m = 2 - 3. Let o(l) = -l**2 + 27*l - 169. Let k be o(18). What are the prime factors of m + 1 + (k - -47)?
2, 5
Suppose 3*o = -y + 15704 - 2473, 4*y - 5*o - 53060 = 0. List the prime factors of y.
5, 11, 241
Suppose 34*v - 24323 - 73937 = 0. List the prime factors of v.
2, 5, 17
List the prime factors of 140853/21 - ((-50)/(-70))/(15/6).
19, 353
Suppose 0 = -412*o + 416*o - 36. Let l(m) = 19*m**2 - 53*m + 11. List the prime factors of l(o).
29, 37
Let d be 2/(-8) + 29/4. Suppose -2*z - d*z = 297. Let y = z + 95. List the prime factors of y.
2, 31
Let b = 190 - 187. Suppose 4*d - 280 = b*w, 4*d - 209 = -w + 55. List the prime factors of d.
67
Let c(h) = 29*h - 227. Let w be c(39). Suppose 4*b - w = -j, 0*b + 4*b - 4*j - 884 = 0. List the prime factors of b.
3, 5
Let w be 3/(-6) + 4 - (-7)/(-14). What are the prime factors of w + (39925/150 - 2/12)?
269
Let m(q) = -18*q**3 + 9*q**2 + 42*q + 165. List the prime factors of m(-6).
3, 5, 11
Suppose -46*t + 372385 + 17115 - 75182 = 0. List the prime factors of t.
6833
Suppose -17 - 27 = 2*v - 5*z, 3*v + 73 = 4*z. Let d(o) = o**3 - 7*o**2 - 9*o + 10. Let g be d(7). Let m = v - g. List the prime factors of m.
2, 13
Let c be (1 + 122)*3/(-9). Suppose 177 = -3*o - 75. Let y = c - o. What are the prime factors of y?
43
Let q(w) be the third derivative of -44*w**4/3 + 7*w**3/6 + 4*w**2 + 9. List the prime factors of q(-1).
359
Let n = 88 - 22. Suppose -n*l = -65*l - 430. What are the prime factors of l?
2, 5, 43
Let f(m) = 43*m**2 + 2*m + 1. Let j(n) = 17*n + 216*n**2 + 7 + 0 - 1 - 8*n. Let h(v) = 11*f(v) - 2*j(v). List the prime factors of h(1).
2, 11
Let t(w) = -279*w - 217. What are the prime factors of t(-14)?
7, 17, 31
Let q(u) = 9*u**2 + 22*u + 296. What are the prime factors of q(17)?
3271
What are the prime factors of 3/((-42)/(-122602)) + (3312/168 - 20)?
3, 7, 139
Suppose 62*v + 84049 = 31721. Let d = 855 - v. List the prime factors of d.
1699
Suppose -11*t + a - 492 = -9*t, 5*t + 2*a + 1221 = 0. Let v = t + 600. Let h = v + -213. What are the prime factors of h?
2, 71
Let k(f) = f**3 - 37*f**2 - 33*f + 245. What are the prime factors of k(38)?
3, 5, 29
Suppose -3*b + 9 = -6*l + 9*l, 5*l = 4*b + 15. Let j(k) = -4 + 17*k - 13*k + 19*k. What are the prime factors of j(l)?
5, 13
Let o be ((-18)/(-4))/(3/(-52)). Let k be 1 - (-3 - 4484/34 - 24/204). Let f = k + o. What are the prime factors of f?
2, 29
List the prime factors of ((-3552)/9)/((-3157)/(-9240) + 6/(-16)).
2, 5, 37
Suppose -2*u - 22*x + 26*x + 1900 = 0, -4*u - 3*x = -3855. Let p = u - 561. List the prime factors of p.
3, 7, 19
Let r = -11179 - -11383. What are the prime factors of r?
2, 3, 17
Let w(j) = 2*j**2 + 46*j - 41. Let p be w(-24). Suppose 0 = -2*a + p*b + 1361, -3*a + 1998 = -0*a + 4*b. List the prime factors of a.
2, 5, 67
Let r = 7100 + 4585. List the prime factors of r.
3, 5, 19, 41
What are the prime factors of -12 - ((-66)/3)/11 - -14566?
2, 3, 1213
Let y = -16540 - -39753. What are the prime factors of y?
139, 167
Let i be -1 + -4 + 6 + (1 - 0). Suppose 0 = -z + i*u - 47, 161 = -4*z + 4*u - 23. Let l = 54 + z. What are the prime factors of l?
3
Let h(y) = -16*y**3 - 11*y**2 - 22*y + 6. Let g be h(-4). Suppose 4*x - 2010 = -4*b + g, x + 3*b = 738. List the prime factors of x.
2, 3, 41
Let l(b) be the second derivative of -8*b**3/3 + 8*b**2 - 23*b. Let s be (-4)/2 - (10 - 3). List the prime factors of l(s).
2, 5
Let u(z) = -28*z + 11. Let w be u(-18). Suppose b + y = -2*b + 4054, -2*y + 2 = 0. Suppose -4*f + b = w. What are the prime factors of f?
11, 19
Let t(h) = 7*h + 2. Let v be t(1). Let z be v + 0 - (-6 - -10). Suppose -157 = -8*q + z*q - k, 104 = 2*q + k. What are the prime factors of q?
53
Let r = -32138 + 53806. What are the prime factors of r?
2, 5417
Let w = -48897 + 87931. List the prime factors of w.
2, 29, 673
Let z = 96 + 24131. List the prime factors of z.
7, 3461
Suppose -n + 6*n + 3*l - 90 = 0, -95 = -5*n - 4*l. List the prime factors of 2578/n + ((-84)/45 - -2).
2, 43
Let r(c) = -51849*c**3 + 4*c**2 - 7*c - 2. List the prime factors of r(-1).
2, 3, 43, 67
Let q(i) be the first derivative of i**3 - 41*i**2/2 - 144. List the prime factors of q(21).
2, 3, 7, 11
Suppose 0 = -4*t - 5*t + 8703. Let r = t - 78. List the prime factors of r.
7, 127
Let i(z) = -z - 4. Let y be i(-6). Let g be (-695)/(-10) + y/(-4). Suppose 6*q - g = 381. What are the prime factors of q?
3, 5
Let p = -110 - -126. Let d(l) = 7*l - 70. List the prime factors of d(p).
2, 3, 7
Suppose -5*v + 4*y = 8*y - 21, -23 = -3*v - 5*y. Let h(w) = 1067*w**3 + 3*w - 3. List the prime factors of h(v).
11, 97
Suppose -68147 = -41*r + 374243. List the prime factors of r.
2, 5, 13, 83
List the prime factors of ((-37742)/4)/(372/(-24) - -15).
113, 167
Let b(s) = 777*s + 60. Let o be b(1). Suppose -4*x = -x - o. What are the prime factors of x?
3, 31
Let g be 25/2*(3 - 12/(-20)). Let a = 30 - g. List the prime factors of 6/a*(-65 - -5).
2, 3
Let n(y) = -y**3 - 17*y**2 + 12*y. Let p be n(-19). Let w = p - -24. List the prime factors of w.
2, 7, 37
Let h(c) = -15*c**2 - 3*c + 12. Let p be h(-5). Let i = -169 - p. List the prime factors of i.
179
Suppose 15642 = -2*b + 13*b. Suppose -b = -j - 5*j. Suppose 6*o - 735 = j. List the prime factors of o.
2, 3
Let p = 236 - 81. Suppose 0 = p*b - 156*b + 825. List the prime factors of b.
3, 5, 11
Let x = -7412 + 19550. List the prime factors of x.
2, 3, 7, 17
Let n(l) = 157*l - 2413. List the prime factors of n(97).
2, 3, 89
Suppose 3*w - 231808 = -19*w - 10*w. List the prime factors of w.
2, 1811
Let l(q) = -q**3 + 1. Let c(m) = -m**3 + 8*m**2 - 3*m + 15. Let a(w) = c(w) - 2*l(w). Let p be a(-7). Suppose p = 3*i - 61. List the prime factors of i.
2, 3
Let w(d) = -86*d**2 - d + 5. Let k(j) = -1. Let q(a) = -3*k(a) - w(a). Let i be q(1). Let t = 121 - i. List the prime factors of t.
2, 3
Let s be 6 - 4*(-267)/(-12). List the prime factors of (27/(-18)*s)/(6/8).
2, 83
List the prime factors of -22*(-920 - (-180)/12).
2, 5, 11, 181
Suppose -17*s = -19036 + 81. List the prime factors of s.
5, 223
Let b(o) = -8*o + 42. Let s be b(5). Suppose -j - j = s*z - 64, 3*z - 2*j - 71 = 0. List the prime factors of 32/72 + 2958/z.
2, 5, 11
Let k(r) = 166*r - 473. List the prime factors of k(48).
5, 1499
Suppose 41*r + 244992 = 73*r. What are the prime factors of r?
2, 3, 11, 29
Suppose 9*m = 2*m + 8631. Suppose -5*v - 4*v + m = 0. What are the prime factors of v?
137
Suppose 5*y = -2*x + 7225 + 5383, -18902 = -3*x - 5*y. List the prime factors of x.
2, 3, 1049
Suppose 4*q - 9285 = -g + 403, -3*g = -2*q + 4844. List the prime factors of q.
2, 7, 173
Let z(d) = 2*d**3 + 17*d**2 + 45*d - 1. Let v be z(-10). Let n = -545 - v. List the prime factors of n.
2, 103
Let a(s) = -230*s + 980. List the prime factors of a(-31).
2, 5, 811
Let p = -56 + 60. Suppose 16 = s + p*k - 3, s - 31 = 2*k. Suppose s*v = 21*v + 804. What are the prime fac